{"id":77,"date":"2013-02-11T16:37:42","date_gmt":"2013-02-11T15:37:42","guid":{"rendered":"http:\/\/www.seaandsky-biarritz.com\/\/?page_id=77"},"modified":"2013-04-22T13:11:52","modified_gmt":"2013-04-22T12:11:52","slug":"villa-a-biarritz-photos-de-linterieur","status":"publish","type":"page","link":"https:\/\/www.seaandsky-biarritz.com\/fr\/villa-a-biarritz-photos-de-linterieur\/","title":{"rendered":"Photos de l&rsquo;int\u00e9rieur"},"content":{"rendered":"<p>L&rsquo;appartement a de belles hauteurs sous plafond et des balcons sur toute la longueur c\u00f4t\u00e9 mer, avec une surface de 200 m2 sur deux niveaux. <\/p>\n<p>R\u00e9cemment r\u00e9nov\u00e9, l&rsquo;appartement est \u00e9l\u00e9gant et spacieux, donnant l&rsquo;impression d&rsquo;un domicile luxueux. Toutes les pi\u00e8ces ont vue sur l&rsquo;oc\u00e9an.<\/p>\n<p>ngg_shortcode_0_placeholder<\/p>","protected":false},"excerpt":{"rendered":"<p>L&rsquo;appartement a de belles hauteurs sous plafond et des balcons sur toute la longueur c\u00f4t\u00e9 mer, avec une surface de 200 m2 sur deux niveaux. R\u00e9cemment r\u00e9nov\u00e9, l&rsquo;appartement est \u00e9l\u00e9gant et spacieux, donnant l&rsquo;impression d&rsquo;un domicile luxueux. Toutes les pi\u00e8ces &hellip; <a href=\"https:\/\/www.seaandsky-biarritz.com\/fr\/villa-a-biarritz-photos-de-linterieur\/\">Continue reading <span class=\"meta-nav\">&rarr;<\/span><\/a><\/p>\n","protected":false},"author":2,"featured_media":0,"parent":0,"menu_order":0,"comment_status":"closed","ping_status":"closed","template":"","meta":{"_acf_changed":false,"ngg_post_thumbnail":0,"footnotes":""},"class_list":["post-77","page","type-page","status-publish","hentry"],"acf":[],"_links":{"self":[{"href":"https:\/\/www.seaandsky-biarritz.com\/fr\/wp-json\/wp\/v2\/pages\/77","targetHints":{"allow":["GET"]}}],"collection":[{"href":"https:\/\/www.seaandsky-biarritz.com\/fr\/wp-json\/wp\/v2\/pages"}],"about":[{"href":"https:\/\/www.seaandsky-biarritz.com\/fr\/wp-json\/wp\/v2\/types\/page"}],"author":[{"embeddable":true,"href":"https:\/\/www.seaandsky-biarritz.com\/fr\/wp-json\/wp\/v2\/users\/2"}],"replies":[{"embeddable":true,"href":"https:\/\/www.seaandsky-biarritz.com\/fr\/wp-json\/wp\/v2\/comments?post=77"}],"version-history":[{"count":5,"href":"https:\/\/www.seaandsky-biarritz.com\/fr\/wp-json\/wp\/v2\/pages\/77\/revisions"}],"predecessor-version":[{"id":183,"href":"https:\/\/www.seaandsky-biarritz.com\/fr\/wp-json\/wp\/v2\/pages\/77\/revisions\/183"}],"wp:attachment":[{"href":"https:\/\/www.seaandsky-biarritz.com\/fr\/wp-json\/wp\/v2\/media?parent=77"}],"curies":[{"name":"wp","href":"https:\/\/api.w.org\/{rel}","templated":true}]}}

Photos de l&rsquo;intérieur

<p>L&rsquo;appartement a de belles hauteurs sous plafond et des balcons sur toute la longueur côté mer, avec une surface de 200 m2 sur deux niveaux. </p>
<p>Récemment rénové, l&rsquo;appartement est élégant et spacieux, donnant l&rsquo;impression d&rsquo;un domicile luxueux. Toutes les pièces ont vue sur l&rsquo;océan.</p>
<p>ngg_shortcode_0_placeholder</p>

<p>L&rsquo;appartement a de belles hauteurs sous plafond et des balcons sur toute la longueur côté mer, avec une surface de 200 m2 sur deux niveaux. Récemment rénové, l&rsquo;appartement est élégant et spacieux, donnant l&rsquo;impression d&rsquo;un domicile luxueux. Toutes les pièces &hellip; <a href="https://www.seaandsky-biarritz.com/fr/villa-a-biarritz-photos-de-linterieur/">Continue reading <span class="meta-nav">&rarr;</span></a></p>
